d
In base 8, what is 1017 + -1?
1016
In base 3, what is 211021 - 2?
211012
In base 5, what is -232 + 332?
100
In base 7, what is -2 - 544?
-546
In base 14, what is 10 + -2c?
-1c
In base 8, what is 2123 - -26?
2151
In base 12, what is -184 + -a?
-192
In base 7, what is 2155 - -5?
2163
In base 5, what is 141 - -230?
421
In base 16, what is -1 + 56?
55
In base 9, what is 8 + -4?
4
In base 13, what is -5 + -27?
-2c
In base 14, what is 10 + -34?
-24
In base 9, what is -1 + -3377?
-3378
In base 9, what is -6 - 1456?
-1463
In base 13, what is -12 - 22?
-34
In base 13, what is -12 - -7?
-8
In base 10, what is -21 + 3?
-18
In base 2, what is 1001000 - -1000?
1010000
In base 2, what is -100 + 1111010010?
1111001110
In base 8, what is 1 - 430?
-427
In base 6, what is -130 - -2?
-124
In base 5, what is -2 + 12000?
11443
In base 3, what is 10110 + -1?
10102
In base 5, what is 3 - 20220?
-20212
In base 6, what is -132 - -44?
-44
In base 12, what is -3 + -2693?
-2696
In base 8, what is -71 + 173?
102
In base 9, what is -3745 + 1?
-3744
In base 5, what is -11 + -34?
-100
In base 8, what is 17 - -7?
26
In base 9, what is -5 + -68?
-74
In base 12, what is -2b4a + 1?
-2b49
In base 3, what is -2 + 1022?
1020
In base 11, what is 4560 + -5?
4556
In base 12, what is -440 + 11?
-42b
In base 7, what is 2 + 155?
160
In base 2, what is -10 + -1010011?
-1010101
In base 12, what is 26 - 109?
-a3
In base 15, what is 5 + -1168?
-1163
In base 15, what is 0 - 64?
-64
In base 6, what is 10 - 5?
1
In base 14, what is -2 - 250d?
-2511
In base 7, what is -12464 - 3?
-12500
In base 10, what is 32 + 121?
153
In base 13, what is -2 - -3177?
3175
In base 9, what is -570 + -5?
-575
In base 8, what is 0 + -22?
-22
In base 16, what is 3 + -64?
-61
In base 5, what is 0 - -412?
412
In base 14, what is 1103 - 1?
1102
In base 9, what is -17 + 3?
-14
In base 2, what is -10001 - 10110?
-100111
In base 6, what is 0 + -305?
-305
In base 4, what is 0 + 2333?
2333
In base 15, what is -2 + -23d?
-240
In base 4, what is 30 - 23?
1
In base 5, what is 10 + 122?
132
In base 7, what is 13 - -152?
165
In base 14, what is -5 - 17?
-1c
In base 8, what is 3150 + 1?
3151
In base 13, what is -8c8 + -6?
-901
In base 2, what is 11 - -11000010?
11000101
In base 12, what is 2 - -126?
128
In base 4, what is -1133 - 10?
-1203
In base 2, what is 1101110 - 101?
1101001
In base 14, what is -11b - 82?
-19d
In base 7, what is -260022 - -5?
-260014
In base 14, what is -18 - b8?
-d2
In base 2, what is 1010 + -1001?
1
In base 4, what is 230311 - 1?
230310
In base 16, what is -26 - 1?
-27
In base 15, what is -4 + -31?
-35
In base 4, what is -2132223 + 0?
-2132223
In base 4, what is 3 - -23200?
23203
In base 6, what is 421 + 2?
423
In base 6, what is -445 - 1?
-450
In base 5, what is 3 - -23?
31
In base 15, what is 2 + -107?
-105
In base 7, what is 330 - -5?
335
In base 2, what is -1011010000 - 10?
-1011010010
In base 3, what is 0 - 2222001?
-2222001
In base 8, what is -1634 + -31?
-1665
In base 12, what is -320 - -7?
-315
In base 5, what is 4114 - -3?
4122
In base 15, what is -136 - 0?
-136
In base 7, what is -10 + -3?
-13
In base 11, what is aa28 + 2?
aa2a
In base 2, what is -11 + -100000?
-100011
In base 13, what is -1 - -1bba?
1bb9
In base 4, what is 11 - 120?
-103
In base 13, what is -644 + 0?
-644
In base 2, what is 1111 + -1100?
11
In base 14, what is 10d + 1?
110
In base 9, what is -11260 - 1?
-11261
In base 8, what is 0 - -110?
110
In base 14, what is -1 + 339?
338
In base 12, what is 7 - -2b9?
304
In base 10, what is 393 + 0?
393
In base 9, what is 5 - -1282?
1287
In base 8, what is 35 - -10?
45
In base 12, what is -121 - -5?
-118
In base 8, what is 1573 - 10?
1563
In base 3, what is 102000 - -12?
102012
In base 5, what is -1 - -121?
120
In base 10, what is -3 - -950?
947
In base 13, what is 0 + -a6?
-a6
In base 5, what is 311 + -3?
303
In base 8, what is -3 + -3375?
-3400
In base 5, what is 11 + -11001?
-10440
In base 3, what is -11012 + -20?
-11102
In base 3, what is 1102 - -11012?
12121
In base 7, what is 4 - -4400?
4404
In base 16, what is -108 - 0?
-108
In base 13, what is 18c - 3?
189
In base 15, what is 38 + 73?
ab
In base 9, what is -43 - 2?
-45
In base 8, what is 2377 - -2?
2401
In base 16, what is -1 - -2d?
2c
In base 13, what is -1 - 26?
-27
In base 16, what is -8 + 0?
-8
In base 12, what is -342 + 4?
-33a
In base 16, what is b9 + 6e?
127
In base 4, what is -103 - 32?
-201
In base 11, what is -18a50 + 5?
-18a46
In base 6, what is 124 - -10?
134
In base 10, what is 36 - -3?
39
In base 15, what is -1ab + -4?
-1b0
In base 9, what is -61 - 33?
-104
In base 10, what is 673 + 5?
678
In base 8, what is -2 - -5?
3
In base 10, what is 3165 + 5?
3170
In base 3, what is 122 - 112201?
-112002
In base 14, what is 7 + 1?
8
In base 9, what is -5 + 162?
156
In base 4, what is 10 + 331?
1001
In base 10, what is 5 + 101?
106
In base 9, what is -1 + 102?
101
In base 5, what is 34310 - -3?
34313
In base 2, what is 11100 + -10000?
1100
In base 14, what is 2 - 26?
-24
In base 10, what is -71 + -2?
-73
In base 7, what is 4 + 33?
40
In base 10, what is -4 - -28?
24
In base 3, what is -10010 + 1?
-10002
In base 14, what is 3b - 21?
1a
In base 4, what is -2 - -1000?
332
In base 10, what is -35 + -17?
-52
In base 13, what is 97 - 0?
97
In base 4, what is 12 - 1213?
-1201
In base 13, what is -b + 26?
18
In base 15, what is d0 + 2?
d2
In base 7, what is -11 - -2?
-6
In base 12, what is 1 + -2973?
-2972
In base 9, what is -105 - -4?
-101
In base 15, what is -1184 - 5?
-1189
In base 2, what is 10000 - -10001001100?
10001011100
In base 10, what is -5 + -2351?
-2356
In base 5, what is 204243 - -1?
204244
In base 5, what is -30 + -110?
-140
In base 6, what is -5141 + -3?
-5144
In base 6, what is -2 + -525?
-531
In base 7, what is -3 - -41?
35
In base 14, what is 788 - 1?
787
In base 9, what is -142 - 3?
-145
In base 5, what is -10 - 44?
-104
In base 15, what is -a - -23d?
233
In base 7, what is -213 + -243?
-456
In base 4, what is -1 - -301133?
301132
In base 2, what is 1 - -1101110011?
1101110100
In base 3, what is 2 + 11102?
11111
In base 4, what is 2020 - 3?
2011
In base 10, what is 4 - 0?
4
In base 13, what is -3 - 1450?
-1453
In base 3, what is 12002 - 2?
12000
In base 11, what is 503 + -3?
500
In base 8, what is 4 + -7?
-3
In base 2, what is 11011010 - 10?
11011000
In base 10, what is 5 - -1918?
1923
In base 11, what is -1123 + -6?
-1129
In base 9, what is 0 - 1013?
-1013
In base 14, what is 2a9 + b?
2b6
In base 14, what is 7332 + 0?
7332
In base 4, what is -333 - 1031?
-2030
In base 10, what is 562 + -2?
560
In base 13, what is -8b + -25?
-b3
In base 9, what is -1 - -672?
671
In base 3, what is -1211022 - 12?
-1211111
In base 5, what is -103002 + 10?
-102442
In base 11, what is -4 + 3a?
36
In base 10, what is 4806 - -1?
4807
In base 13, what is 0 - 138?
-138
In base 6, what is -235 - -2?
-233
In base 16, what is 2861 + 4?
2865
In base 16, what is -63 - -64?
1
In base 13, what is 2 - 431?
-42c
In base 16, what is 7f + -3?
7c
In base 15, what is -3 + -21?
-24
In base 10, what is -149 - 5?
-154
In base 6, what is 1 - 0?
1
In base 5, what is 14004 + 11?
14020
In base 15, what is 26 - 1d?
8
In base 9, what is -536 - 2?
-538
In base 13, what is 15 + 155?
16a
In base 3, what is -11 + 210?
122
In base 3, what is 1022020 - -12?
1022102
In base 5, what is -10 - 211?
-221
In base 7, what is -3 - 120?
-123
In base 11, what is 71 + -2?
6a
In base 15, what is 2 - -2?
4
In base 15, what is 2 - 5bc?
-5ba
In base 4, what is 10 - -22?
32
In base 15, what is -5c - -3?
-59
In base 14, what is 2 + -24?
-22
In base 8, what is -365 + 1?
-364
In base 8, what is -5 - -40?
33
In base 4, what is 2322130 - 1?
2322123
In base 5, what is 11 + 21?
32
In base 7, what is -1400 - 3?
-1403
In base 8, what is 76 + 342?
440
In base 7, what is 111 - 64?
14
In base 7, what is 2 + 6?
11
In base 2, what is 1100011 - -110?
1101001
In base 10, what is -11 + -21?
-32
In base 7, what is -2264 + 0?
-2264
In base 4, what is 122022 + -2?
122020
In base 14, what is a9a + 3?
a9d
In base 3, what is 2 - 2121201?
-2121122
In base 9, what is -3 + 7?
4
In base 4, what is 122300 + -2?
122232
In base 4, what is 2 + 130?
132
In base 16, what is 17 - 239?
-222
In base 6, what is -15